is 2 + 839?
840
In base 9, what is 10 - 521?
-511
In base 16, what is -6a + 4?
-66
In base 6, what is 11553 - 4?
11545
In base 5, what is -1 + -30?
-31
In base 15, what is -5c + -2?
-5e
In base 2, what is -1 - -101111110?
101111101
In base 5, what is -11 + 1104?
1043
In base 15, what is 41 + 6?
47
In base 2, what is 10011 - 1010010?
-111111
In base 13, what is -109 + -34?
-140
In base 9, what is 43 + -23?
20
In base 12, what is 2 + 1582?
1584
In base 2, what is -1001101 - 101?
-1010010
In base 11, what is -110 + -3?
-113
In base 2, what is 101001101 + -101?
101001000
In base 15, what is d54 + -5?
d4e
In base 7, what is -16 + -344?
-363
In base 6, what is 13 - 22?
-5
In base 3, what is -20200 - -12?
-20111
In base 7, what is 32 - 10?
22
In base 8, what is 340 - -5?
345
In base 8, what is 6352 + -5?
6345
In base 12, what is 6 + -28?
-22
In base 15, what is -12 - a2?
-b4
In base 6, what is 45101 + 1?
45102
In base 10, what is -83 - -1?
-82
In base 5, what is 2 - 1104?
-1102
In base 7, what is -20 - -13?
-4
In base 2, what is -10100101110 - 0?
-10100101110
In base 15, what is 697 + 4?
69b
In base 2, what is -1101000111 + 1010?
-1100111101
In base 13, what is 342 - 0?
342
In base 5, what is 1102 + 24?
1131
In base 8, what is -102 - 361?
-463
In base 10, what is -7 + -4428?
-4435
In base 9, what is -2263 - 2?
-2265
In base 11, what is -17 + -1?
-18
In base 14, what is -8 + 1?
-7
In base 4, what is 111321 - -10?
111331
In base 11, what is -5 - 81?
-86
In base 12, what is -3 - 72?
-75
In base 12, what is -3 - 28?
-2b
In base 2, what is 100 - -10011?
10111
In base 13, what is 1 - -1b1?
1b2
In base 7, what is -15 + -2?
-20
In base 6, what is -1 + -2043?
-2044
In base 9, what is 16 - 53?
-36
In base 3, what is 12 + 220002?
220021
In base 10, what is 441 + 1?
442
In base 14, what is -48 + 2c?
-1a
In base 9, what is 1 - -21?
22
In base 13, what is -cc - -6?
-c6
In base 15, what is -3 - -8?
5
In base 10, what is -7 - -41?
34
In base 12, what is -2 - -7?
5
In base 15, what is -242 - -5?
-23c
In base 8, what is 14 + -16?
-2
In base 7, what is -114 - 3?
-120
In base 13, what is -1 + 4b?
4a
In base 8, what is 5363 - -5?
5370
In base 10, what is 0 + -1421?
-1421
In base 4, what is 1 - 20133?
-20132
In base 2, what is 1011 + -10001?
-110
In base 16, what is -3 - -201?
1fe
In base 7, what is -1004 - 2?
-1006
In base 7, what is -164 + 1?
-163
In base 3, what is 0 - 22?
-22
In base 11, what is -702 + -2?
-704
In base 11, what is 9333 + 1?
9334
In base 5, what is 3 + -114223?
-114220
In base 14, what is 2 - 27?
-25
In base 2, what is -1000 + 101011?
100011
In base 14, what is -17 + -18?
-31
In base 7, what is -1 - 503?
-504
In base 2, what is 110101011 + 0?
110101011
In base 9, what is 6 + 145?
152
In base 15, what is -2 + -c00?
-c02
In base 3, what is 1211201 + -20?
1211111
In base 8, what is -5 + -201?
-206
In base 8, what is -10 + -1?
-11
In base 12, what is 937 + 2?
939
In base 12, what is 4 + 29?
31
In base 16, what is -371e + 3?
-371b
In base 9, what is 6 + -103?
-86
In base 8, what is -121 - 15?
-136
In base 13, what is -3 - -45b?
458
In base 14, what is -3 - a07?
-a0a
In base 6, what is -13023 - 4?
-13031
In base 12, what is 119 - b8?
21
In base 8, what is -23336 + -5?
-23343
In base 13, what is 3 - -2b5?
2b8
In base 16, what is 570b - 0?
570b
In base 12, what is -5 - b41?
-b46
In base 9, what is -1465 + 2?
-1463
In base 4, what is 2 - -220?
222
In base 13, what is -2 + -13?
-15
In base 14, what is 205d + 1?
2060
In base 7, what is -13 - -242?
226
In base 11, what is -4 - 33?
-37
In base 3, what is 1 - 1221?
-1220
In base 11, what is -43 + 0?
-43
In base 3, what is -101102 + 11?
-101021
In base 2, what is 11 - 1000011?
-1000000
In base 2, what is -10101100100 - 10?
-10101100110
In base 6, what is -5 + -34?
-43
In base 15, what is 2 + 276?
278
In base 15, what is 4 - a?
-6
In base 5, what is 3432 + -30?
3402
In base 10, what is 22 - 3?
19
In base 4, what is -3 - 1020232?
-1020301
In base 16, what is -5 - 0?
-5
In base 3, what is -121010 - 10?
-121020
In base 8, what is 507 - -5?
514
In base 16, what is -a7 + -10?
-b7
In base 8, what is -43 - -122?
57
In base 12, what is -4 + -738?
-740
In base 9, what is -37 + -51?
-88
In base 5, what is 411 + 10?
421
In base 13, what is 1c9 - a?
1bc
In base 10, what is 2102 + -3?
2099
In base 7, what is 46615 - -1?
46616
In base 16, what is 5 + 3e?
43
In base 8, what is 10613 - 4?
10607
In base 7, what is 10 - -245?
255
In base 5, what is 3233 - 3?
3230
In base 7, what is -2463 + 5?
-2455
In base 16, what is 210 + -3?
20d
In base 16, what is -44 - 6?
-4a
In base 9, what is 5 - 352?
-346
In base 8, what is 4 + 61?
65
In base 9, what is 15 - -168?
184
In base 7, what is -2 - -2152?
2150
In base 8, what is -210 - 4?
-214
In base 15, what is 5 + -d17?
-d12
In base 10, what is 0 + -308?
-308
In base 15, what is -309 - 2?
-30b
In base 9, what is 5 - -127?
133
In base 2, what is -100 - 1111111?
-10000011
In base 13, what is -17a9 - 4?
-17b0
In base 15, what is -e5 - 0?
-e5
In base 10, what is -18 - -180?
162
In base 5, what is 3 - -212?
220
In base 10, what is -11 + -120?
-131
In base 11, what is -189 - 1?
-18a
In base 7, what is -5 + 45?
40
In base 3, what is -1212001 - -10?
-1211221
In base 12, what is 20b - 1?
20a
In base 2, what is 1011 - -100000?
101011
In base 16, what is -d0 + -4?
-d4
In base 8, what is 11 + 52?
63
In base 9, what is 358 - 4?
354
In base 5, what is 122111 + 1?
122112
In base 3, what is 0 + -21?
-21
In base 5, what is 10 + -212?
-202
In base 7, what is 323 + 5?
331
In base 15, what is -1 + -1b9?
-1ba
In base 9, what is 411 + 5?
416
In base 4, what is -2020 + 213?
-1201
In base 8, what is 2 + -3?
-1
In base 9, what is 3 + 27?
31
In base 4, what is -312 - 3220?
-10132
In base 13, what is a155 + 2?
a157
In base 12, what is -5 + 327?
322
In base 11, what is -381 - 2?
-383
In base 15, what is 12 - 21?
-e
In base 8, what is 25 - -111?
136
In base 2, what is -10000111 - -11010?
-1101101
In base 12, what is 1 - -588?
589
In base 12, what is 56 + 3?
59
In base 5, what is 21 + -2?
14
In base 14, what is 0 - -711?
711
In base 6, what is -100244 - 4?
-100252
In base 11, what is 18346 + 2?
18348
In base 2, what is -110100 - 0?
-110100
In base 4, what is -212 + -2?
-220
In base 6, what is -2 - -51?
45
In base 5, what is -43 - -31?
-12
In base 10, what is 3 + 172?
175
In base 3, what is 10 + -22?
-12
In base 3, what is 111 - -20?
201
In base 16, what is -87c - 5?
-881
In base 13, what is 10 + 14?
24
In base 8, what is -24 + -5?
-31
In base 2, what is -1101 + 100001?
10100
In base 11, what is 22 + -2?
20
In base 5, what is 123 - -142?
320
In base 9, what is 76 + -5?
71
In base 13, what is 0 - -170?
170
In base 4, what is 11 - -20001?
20012
In base 13, what is -3 + 25?
22
In base 9, what is -325 + 1?
-324
In base 4, what is -31 + -300?
-331
In base 9, what is 2 - 37?
-35
In base 5, what is 1 - -132132?
132133
In base 12, what is 2 - 3a6?
-3a4
In base 9, what is -27 + 172?
144
In base 3, what is -120 + -100121?
-101011
In base 5, what is -30 + 11?
-14
In base 8, what is -4 - -440?
434
In base 8, what is 246 - 2?
244
In base 6, what is -4 - -4451?
4443
In base 3, what is 2 + 102021?
102100
In base 5, what is 211 + 0?
211
In base 5, what is 11 - -112?
123
In base 10, what is -637 + -2?
-639
In base 6, what is -12 + 24?
12
In base 13, what is 5 - -49?
51
In base 12, what is 9 + 6a7?
6b4
In base 6, what is -12201 + -1?
-12202
In base 15, what is 964 - 0?
964
In base 7, what is 131 + 11?
142
In base 11, what is -4 + a4?
a0
In base 4, what is 3033 + -2?
3031
In base 4, what is -33110 - -100?
-33010
In base 15, what is 1 + -585?
-584
In base 12, what is -4a8 + -4?
-4b0
In base 4, what is -13033 - 3?
-13102
In base 15, what is -2 - -376?
374
In base 4, what is -1031 - -1?
-1030
In base 14, what is -94 + 18?
-7a
In base 5, what is -11140 + -30?
-11220
In base 3, what is -20 - 1011201?
-1011221
In base 3, what is 2201212 - -12?
2202001
In base 11, what is -3 + -41a3?
-41a6
In base 13, what is 1 + -124?
-123
In base 15, what is -2 + -23c?
-23e
In base 9, what is 22 + -6?
15
In base 5, what is 10 + -423?
-413
In base 16, what is 1 - -d4?
d5
In base 6, what is 5 + -202?
-153
In base 13, what is 39 + a?
46
In base 8, what is 7 + 774?
10